3. Suppose t + h = 2*t. What are the prime factors of t?
2, 113
Let c be 4/5 + 906/30. Let l = 35 - c. List the prime factors of l.
2
Suppose 4*p + 28 = 2*h, -2*p - 1 - 1 = 2*h. Suppose 2*r + h*w = 1 + 3, -5*w = 4*r - 8. Suppose -d + 1 = -r. What are the prime factors of d?
3
Suppose 405 = -0*a + 5*a. Suppose -o + 3*u = -a + 16, 2*o = -4*u + 120. Suppose -5*t = o - 182. List the prime factors of t.
2, 3
Suppose 0 = 46*w - 5546 + 854. What are the prime factors of w?
2, 3, 17
Let n(b) = -b**2 + 2*b + 6. Let q be n(3). Let c be 3/1*145/q. Suppose 5*j = 15 + c. What are the prime factors of j?
2
Suppose -2*k = 4*k - 2580. Suppose r - 432 = -4*r - 4*g, -k = -5*r - 5*g. List the prime factors of r.
2, 11
Suppose -4*n = 4*g - 36, -5*g + n + 55 + 14 = 0. Let x = g + -8. Suppose -x*o = -2*u - 118, u + 12 = -2*u. What are the prime factors of o?
2, 11
Suppose 3*p = -5*o + 2689, -12*o + 15*o - 2679 = -3*p. List the prime factors of p.
2, 3, 37
Suppose 9*c - 192 = 186. List the prime factors of c.
2, 3, 7
Suppose d = -2*v + 4*d, 2*v + 2*d = 0. Suppose -4*o + 17 = -y, 4*o - 37 = -0*y + 5*y. Suppose -z - 9 = -v*z - 4*r, 4*z - 3*r = o. List the prime factors of z.
3
Let a = -27 - -40. Suppose -3*l - a = 5. What are the prime factors of (-7 - l)/(1/(-24))?
2, 3
What are the prime factors of ((-5432)/196)/((-4)/14)?
97
Suppose 3 = -m - 2*m. Let v be (-4 + 62)/(m + 3). Suppose 4*t - v = -5. List the prime factors of t.
2, 3
Suppose 6*i = 23 + 7. List the prime factors of i.
5
Let w = -114 - -1171. What are the prime factors of w?
7, 151
Let s(q) = q - 1. Let m be s(-5). Let k = -6 + 8. What are the prime factors of (2/m)/(k/(-18))?
3
Suppose 37*v = 50*v - 8710. List the prime factors of v.
2, 5, 67
Let p = 311 + 169. Suppose -2*s + p = 2*s. What are the prime factors of (5/2)/(50/s)?
2, 3
Suppose 0 = 22*r - 24*r + 5824. List the prime factors of r.
2, 7, 13
Suppose -34*y = -12*y - 31570. What are the prime factors of y?
5, 7, 41
Suppose -4*r = 3*d - 288, 3*r + 106 - 322 = -5*d. Suppose 2*q - 3*h = r + 17, 94 = 2*q - 2*h. What are the prime factors of q?
2, 13
What are the prime factors of ((-276)/(-3))/(-9 + 704/77)?
2, 7, 23
Let o = -1013 - -1793. Suppose -5*f - o = -10*f. What are the prime factors of f?
2, 3, 13
Suppose 12*a = 28*a - 3856. What are the prime factors of a?
241
Let t = 289 - -1332. What are the prime factors of t?
1621
Suppose 985 = 4*k + 273. List the prime factors of k.
2, 89
What are the prime factors of (18/(-30))/((-12)/27620)?
1381
What are the prime factors of (22/(-3))/((-90)/13905)?
11, 103
Let q(w) = -w - 9. Let o be q(-11). Suppose -o*m + 0*m = -16. Suppose 4*f - 3*x - 93 = 0, 4*x = 3*f - m*f + 124. What are the prime factors of f?
2, 3
Suppose k + 3*x = -3 + 2, -4*x = 4. Let d be 0 + 23 + k + 2. Suppose -g + 0 + 3 = 2*s, -5*s = -4*g - d. List the prime factors of s.
3
Let i be 0 + -1 + (-3 - -147 - 3). Let y = i + -88. What are the prime factors of y?
2, 13
Let i(b) = -17*b + 128. What are the prime factors of i(-18)?
2, 7, 31
Let b(p) = p**3 - 5*p**2 - 10*p + 20. Let l(g) = -2*g**3 + 9*g**2 + 19*g - 39. Let t(a) = -11*b(a) - 6*l(a). List the prime factors of t(5).
2, 3
Suppose 3*u - 4*u = 0. Suppose u = 5*o + m + 160, -3*o + 4*m = 2*m + 96. Let j = 60 + o. What are the prime factors of j?
2, 7
Suppose 26*n - 10839 = 445. List the prime factors of n.
2, 7, 31
What are the prime factors of -37 - -40 - 2*-327?
3, 73
Let g = 829 + 889. List the prime factors of g.
2, 859
List the prime factors of ((-1041)/15)/((-16)/560).
7, 347
Suppose 24 = -23*r + 21*r. List the prime factors of 257/4 + 3/r.
2
Let w(p) = p**3 - 9*p**2 - 10*p - 10. Let i be w(10). Let d = 14 + i. Suppose -4*b - d + 52 = 4*j, 0 = 4*b - 5*j - 30. What are the prime factors of b?
2, 5
Let y = 11 + -9. Let b be (-56)/6*(-24)/y. Suppose -4*d - b = -5*k - 32, d = -k + 7. What are the prime factors of k?
2, 3
Let r(p) = 60*p - 8. Let u be r(3). Suppose 6*v + u = 658. What are the prime factors of v?
3
Suppose -1270 = -4*n - 8*x + 6*x, -1598 = -5*n + x. What are the prime factors of n?
11, 29
Let y = 1379 - 365. Suppose -3*n = -9*n + y. What are the prime factors of n?
13
Suppose -1116 - 3480 = -12*a. What are the prime factors of a?
383
Let l be 3 + (-3 - -3)/1. Let f = 0 + l. What are the prime factors of (3 - 2) + (f - 0)?
2
Suppose 2*w - 4*c = 139 + 427, -2*c - 4 = 0. List the prime factors of w.
3, 31
Let o = 15 - 6. Suppose -q = 5, -4*h + 44 = -3*q + o. Suppose 46 = h*b - v - 7, 0 = -2*b + 5*v + 12. List the prime factors of b.
11
Let i(m) = 10*m**2 - 5*m + 11. Suppose 5*a - 2*y + 27 = 0, -2*a + 3 - 14 = -y. Let r be i(a). Suppose 3*w = -97 + r. List the prime factors of w.
3, 7
Let y(x) = -4*x + 26. Let p be y(-11). Let n = p + -3. What are the prime factors of n?
67
Let q = 1351 - 605. What are the prime factors of q?
2, 373
Let i(t) = -3*t**2 + 16. Let p(a) = 7*a**2 + a - 33. Let y(l) = 13*i(l) + 6*p(l). What are the prime factors of y(-3)?
19
Let i(x) = -21*x - 16. Let t be i(3). Suppose -4*h - d = -638 + 137, 0 = 5*h - d - 624. Let f = h + t. What are the prime factors of f?
2, 23
Suppose 903*l - 1224 = 900*l. List the prime factors of l.
2, 3, 17
Suppose 4*t - 3*t + l - 24 = 0, 3*l = 0. What are the prime factors of t?
2, 3
Let j(b) = 8*b + 259. List the prime factors of j(-20).
3, 11
Let s be (6/(-4))/((-15)/80). Suppose -5*c = -21 - 144. Suppose -s*u = -11*u + c. What are the prime factors of u?
11
Let w(f) = 1664*f**2 - 6*f + 6. What are the prime factors of w(1)?
2, 13
Let n be (-12)/(-18) - (-47)/(-3). Let z be (n/10)/(2/4). List the prime factors of z + 8*(9 - -1).
7, 11
Suppose 713 + 1825 = 3*g. List the prime factors of g.
2, 3, 47
Let m be ((-46)/3)/(34/153). Let r = m - -130. List the prime factors of r.
61
Suppose -4*r + 7*r - 2*d - 3322 = 0, 0 = r + d - 1104. List the prime factors of r.
2, 7, 79
Suppose -5*d + 65 - 305 = -b, -3*d - 1222 = -5*b. What are the prime factors of b?
5, 7
Let h(t) = -5*t + 5*t**2 + 3*t + 0*t. List the prime factors of h(3).
3, 13
Suppose 5 = -0*p + p - 3*c, 0 = -3*p + c + 7. Suppose -p*s + 82 + 22 = 0. List the prime factors of s.
2, 13
Suppose -4*y = -f - 0*y - 15, 0 = 3*y. Let x(z) = -5*z - 18. List the prime factors of x(f).
3, 19
Let k(s) = s**3 + 18*s**2 + 21*s + 38. What are the prime factors of k(-13)?
2, 5, 61
Let f(r) = 17*r**2 - 6*r + 103. List the prime factors of f(-10).
3, 23
List the prime factors of (-2 + (-3252)/9)/(8/(-12)).
5, 109
Suppose 0 = 5*m - g - 477, -5*m = -3*m + 4*g - 204. Suppose -43 = -12*z + 17. Suppose 3*d = -z*c + m, 0 = 5*d + 24 - 9. What are the prime factors of c?
3, 7
Let b = 13 - 8. Suppose -2*k = 3*r - 79, -49 = 3*r - 5*r - b*k. Suppose 0 = j - r + 11. List the prime factors of j.
2
Suppose 0 = 5*l + 4*a - 15047, 4*l + 59*a - 60*a = 12025. What are the prime factors of l?
31, 97
Let m be 16/5 + 12/(-60). Suppose m*y + 517 = -1418. What are the prime factors of 4/14 - y/21?
31
Let g be (-231)/(-49) - (-4)/14. Suppose 4*w - g*w = -6. Suppose -w*r = -325 + 19. List the prime factors of r.
3, 17
Let i(b) = b**3 - 4*b**2 - 5*b + 3. Let o be i(5). Suppose 4 + 113 = o*l. Suppose 2*h - 2*w - 101 = -h, -h + 2*w + l = 0. List the prime factors of h.
31
Let b be (-2)/4 - (110/(-4))/5. Suppose j + b*s = 4*j - 549, 3*j - s - 549 = 0. What are the prime factors of j?
3, 61
Let w = 2396 - 375. List the prime factors of w.
43, 47
Let m = 26 + -21. Let b(d) = -6*d**3 + d**2 + d + 4. Let u(n) = 7*n**3 - 2*n - 4. Let r(g) = m*u(g) + 6*b(g). List the prime factors of r(4).
2, 5
What are the prime factors of 1021/((-1)/(((-27)/3)/3))?
3, 1021
Suppose 4*n - 16 = 4*z, -3*n - 20 = -8*n - z. Let q = 6 - 3. Suppose n*w - 5*f - 75 = 0, -13 = -4*w + q*f + 72. List the prime factors of w.
5
Suppose -10*n + 734 = -4356. List the prime factors of n.
509
Let v(a) = 3*a**2 - 22*a - 60. List the prime factors of v(-6).
2, 3, 5
Let q(d) = -d**2 + 5*d + 5. Suppose 0 = -w - 4*p + 16 + 9, -20 = -4*p. Suppose 5*b = -w*f + 50, -4*f + 7*f - 5 = 2*b. What are the prime factors of q(b)?
5
Suppose 68 = 5*t + 53. Suppose 0 = t*u + 4*w - 412, 2*u - 2*w + 4*w - 272 = 0. List the prime factors of u.
2, 3, 11
Let d = 166 - 140. List the prime factors of d.
2, 13
Let g = 27 - 8. Let l be 7/((-84)/(-712))*3. Suppose -5*p + 2*h = -